-69. Suppose 5*v - r*b = 236, 0 = -3*v - 9*b + 6*b + 120. What are the prime factors of v?
2, 11
Suppose -6*d + 3*d = 5*h - 81268, 3*d - 81256 = h. What are the prime factors of d?
2, 29, 467
Let j be 34/(-9) - (5 + 86/(-18)). Let w be (-4 + (-1196)/(-8))*j/(-6). What are the prime factors of (4/12)/(2/6)*w?
97
Suppose g - 47816 = 5*a - 7*a, -4*a - 4*g = -95640. What are the prime factors of a?
2, 11953
Let o = 13 - 11. Suppose 0 = 2*x - 2*w - 2, -1 - o = x - 2*w. Suppose -3*l - l = x*k - 224, -4*l = 2*k - 224. What are the prime factors of l?
2, 7
Suppose 483 = -3*n + 4*c, 36*c = 35*c - 3. Let f be (-343)/3 - (-2)/(-3). Let o = f - n. What are the prime factors of o?
2, 5
Let k(q) = q**2 - q - 1. Let a(x) = -440*x**2 - 30*x + 17. Let n(w) = -a(w) + 6*k(w). What are the prime factors of n(1)?
3, 149
Let q = 6542 + 1922. What are the prime factors of q?
2, 23
Let c = 267 - 494. Let r = 57 - c. Suppose -219 = -3*x - 5*j, -4*x + 2*j + r = 6*j. List the prime factors of x.
2, 17
Let r(d) = 2*d**3 - 7*d**2 + 14*d - 5. Let c(i) = 8*i**3 + 2*i**2 + 6*i - 7. Let w be c(1). What are the prime factors of r(w)?
2, 11, 23
Let k be (-26)/(-10) + (-27)/45. Suppose 488 = 3*n - k*m, 0*n + 2*m - 312 = -2*n. What are the prime factors of n?
2, 5
Let w be ((-234)/72)/(2/(-8)). What are the prime factors of -2*(-2)/(-4) + 1703/w?
2, 5, 13
Let c = 18273 + -8835. List the prime factors of c.
2, 3, 11, 13
Let f(s) = 3*s**3 + 4*s**2 - 64. Let v be f(-24). List the prime factors of 2/18 - (v/(-9))/(-8).
5, 109
Suppose -5*s = -5*u + 79685, 31895 = 2*u + 37*s - 32*s. What are the prime factors of u?
2, 5, 797
Let m = -378 + 666. Suppose 614 = 5*v + j, -2*v + j = -m + 48. Suppose 10*x - 9*x - v = 0. List the prime factors of x.
2, 61
Let y(i) be the second derivative of 49*i**4/12 - 4*i**3 + 55*i**2 + 6*i + 11. List the prime factors of y(5).
3, 5
Let z(t) = 29*t + 37. Let c = -136 + 133. Let a be z(c). List the prime factors of (a/6)/(21/(-63)).
5
Suppose 0 = 3*k + 6, 9760 = -12*f + 14*f - k. List the prime factors of f.
7, 17, 41
Suppose -5*j + 4*q + 147484 = 0, 5*j + 4*q - 166767 + 19331 = 0. What are the prime factors of j?
2, 73, 101
Let x = -19 + 20. Let p be 0 - (-1 + x)/3. Let s(g) = -g**3 + 2*g + 59. List the prime factors of s(p).
59
Let a(w) = -w**3 + 24*w**2. Let t be a(24). Suppose t*z + 6*z = 1320. List the prime factors of z.
2, 5, 11
Let a(z) = 2*z**2 + 2. Let d(x) = 11*x**2 - 30*x + 37. Let n(y) = 6*a(y) + d(y). List the prime factors of n(8).
3, 7, 61
Let i be (-2 - -2)*23/(-69). Suppose i*z + 32*z = 37152. List the prime factors of z.
3, 43
Let u(j) = 921*j**3 + 13*j**2 - 14*j - 94. What are the prime factors of u(3)?
2, 1553
Let z(w) = 60*w**2 - 138*w - 259. List the prime factors of z(26).
36713
Suppose -6*s = -32*s + 157389 + 125049. List the prime factors of s.
3, 17, 71
List the prime factors of 9095736/104 + 3/1 + 2.
2, 13, 29
Let g = 291 - 118. Let k be -1*(0 - -2 - 2). Suppose v + 2*p = g, -9*p + 5*p + 16 = k. List the prime factors of v.
3, 5, 11
Let n(j) = j**3 + 4*j**2 - 14*j - 10. Suppose 15*o + 185 = 5. Let w be (27/o - 0)/((-15)/(-40)). What are the prime factors of n(w)?
2
Suppose i - 11 = -6. Suppose -2*n + 4*m = -970, -5*n + i*m = 10*m - 2440. What are the prime factors of n?
487
Let g(t) = 149*t**2 + 2*t + 2. Let f(p) = 2*p**3 - p - 1. Let s be f(0). Let n be g(s). What are the prime factors of 4/(-2)*(-9)/(-18) + n?
2, 37
Let j be -1 - (4/(-6) - (-49)/(-3)). Let z = 10 - j. What are the prime factors of 129 + 2 + z + 4?
3, 43
Let s = -5 - -58. Suppose h - s = -5. Suppose -20*n = -18*n - h. List the prime factors of n.
2, 3
Suppose 4 = 4*s - 8. Let r be (s/5)/((-2)/(-110)). Suppose 5*k - 87 = -2*z, 3*z - r - 110 = -5*k. List the prime factors of z.
2, 7
Let j(q) = 4*q**3 + 13*q**2 - 13*q - 12. Let c be j(-8). Let t = c + 1998. List the prime factors of t.
2, 19, 23
Let g(d) = 60*d**2 + 2*d - 4. Let r be g(1). Suppose -r*a = -73*a + 8160. List the prime factors of a.
2, 17
Suppose 3*b = 3*t + 9339, -3*b + 9331 = -0*t - t. What are the prime factors of b?
3109
Let z(k) = k + 12. Suppose -2*f = -4 + 18. Let w be z(f). Suppose 2*p - w*p = -5*t + 58, -5*t = p - 74. What are the prime factors of t?
2, 7
Let l(q) = -q**2 + 39*q - 56. Let n(c) = c**3 + 10*c**2 - 16*c - 38. Let p be n(-11). List the prime factors of l(p).
2, 3, 53
Let j = -8821 + 12052. List the prime factors of j.
3, 359
Let r(k) = 13*k**3 - 79*k**2 - 92*k - 6. Let i(f) = -3*f**3 + 20*f**2 + 23*f + 1. Let a(b) = 9*i(b) + 2*r(b). What are the prime factors of a(22)?
503
Let h(p) = -21*p**3 - 5*p**2 - 2*p. Let d be (104/10)/(-4) + (-36)/(-60). What are the prime factors of h(d)?
2, 19
Suppose 3*s + 4*d = 5647, 1894 = s - 0*s - d. What are the prime factors of s?
1889
Let u = -7867 - -4827. Let a = -1327 - u. List the prime factors of a.
3, 571
Let d = 33238 + 6279. What are the prime factors of d?
43, 919
Suppose 2*a - 5*j - 157391 = 0, 0 = 14*a - 9*a - 3*j - 393525. List the prime factors of a.
2, 3, 7, 937
Let v be (-76)/722 - 9116/38. Let k = 280 - v. What are the prime factors of k?
2, 5, 13
Let l = -67 - -35. Let x = 44 - l. Let n = x + -3. List the prime factors of n.
73
Let z(d) = -d**2 - 8*d - 13. Let i be z(-3). Suppose -i*j - 18 = -436. List the prime factors of j.
11, 19
Let i be ((-6)/(-4))/((66/2488)/(-11)). Let y = 231 - i. What are the prime factors of y?
853
Let s(p) = 25 - 4*p - 9*p - 66. Let i be s(-20). Let b = i + -92. List the prime factors of b.
127
Let s(u) be the third derivative of 17*u**5/12 + u**4/12 - u**3/3 + 5*u**2. List the prime factors of s(2).
2, 3, 19
What are the prime factors of ((-3111)/122)/((-12)/1312)?
2, 17, 41
Let q = -23079 - -70131. What are the prime factors of q?
2, 3, 1307
Suppose -4*a + k + 18 = 0, 3*a + 7*k = 3*k + 4. Suppose 0 = 2*o + 6 + 4, -a*f = o + 69. List the prime factors of 2/(-4) + 4/f*-142.
5, 7
Let d(t) = -t**2 + 4*t + 9. Let b be (-2)/(-3 - (-13)/5). Let z be d(b). Suppose 0 = z*y - 2*y - 130. What are the prime factors of y?
5, 13
Let o(s) = -81*s**3 + 3*s**2 - 1. Suppose -7 = 7*q + 7. Let j be o(q). Suppose -4*f - 4*l = -356, j - 214 = 5*f - 2*l. What are the prime factors of f?
89
Suppose 17*g + 137006 = 362222. List the prime factors of g.
2, 3, 23
Let k = -91 + -194. Let y = 797 + k. What are the prime factors of y?
2
List the prime factors of 115040/12*(-5220)/(-725).
2, 3, 719
List the prime factors of (7 + -3 + -2)/(23/65596).
2, 23, 31
Let m = 1881 - -13748. List the prime factors of m.
15629
Suppose -48*c + 140*c = 1863000. What are the prime factors of c?
2, 3, 5
Let k(x) = -x**2 - 10*x - 12. Let r be k(-8). Suppose r*g - w = 145, 33 = g - 0*w + 3*w. Suppose y + 3*y - g = 0. List the prime factors of y.
3
Suppose 9 = 14*w - 11*w - 3*y, 0 = -4*y + 4. Suppose -w*n - 6127 = -5*z - 7*n, 4*n + 4908 = 4*z. List the prime factors of z.
2, 613
What are the prime factors of 23148*(-2)/(-20)*3 + (-22)/55?
2, 7, 31
Let a(w) = 4151*w**2 + 54*w - 57. What are the prime factors of a(1)?
2, 17, 61
Suppose t + 8 = 4*z, -4*t + 6*z + 23 = z. Suppose -t*s = -9*s - 6. Suppose -2*r - 3*k + 366 - 96 = 0, -k = -s. List the prime factors of r.
2, 3, 11
Suppose 3*y + 1600 = 8*y. Suppose -3*a - 354 = -618. Suppose -i = 5*w - a, -7*i + y = -2*i + w. What are the prime factors of i?
3, 7
Let d(t) be the third derivative of -t**6/120 + t**5/3 + t**3 - 48*t**2. Let u be d(20). What are the prime factors of ((-60)/u)/(-1 - 17/(-19))?
5, 19
What are the prime factors of 10842 - 50*23/115?
2, 677
Let t = 37 - 57. Let s(p) = -116*p - 849. Let w be s(-7). Let y = t - w. List the prime factors of y.
17
Let f(m) = -938*m - 2715. List the prime factors of f(-12).
3, 13, 73
Suppose -3*f - y - 34 + 108 = 0, 5*f - 122 = -y. Suppose -4*t = -m - 45, -f = -0*m + m + 3*t. What are the prime factors of 1/(-3) - 1265/m?
2, 19
Let j(c) = c**3 - 4*c**2 - c + 10. Suppose o = -4*o + 125. Suppose 4*f = -o + 49. List the prime factors of j(f).
2, 19
Suppose -954 = 36*a - 30*a. Let g = 94 - a. What are the prime factors of g?
11, 23
Suppose -4*m = -57 + 17. Let s(p) be the third derivative of -p**6/120 + 3*p**5/20 + 13*p**4/24 - 11*p**3/6 + 5*p**2 + 23. What are the prime factors of s(m)?
19
Suppose -5*p = -5*u + 35, 5*u + 3*p - 2 - 1 = 0. Suppose 0 = -